g**3. Calculate p(-13).
13
Let t(p) = -p + 15. Let i(q) be the third derivative of q**5/60 + 5*q**4/8 + 25*q**3/6 - 119*q**2 + 1. Let o be i(-14). Determine t(o).
4
Let n(t) = 2*t**3 + 2*t**2 + t. Let u be (-84)/(-21) + 10/(2/(-1)). What is n(u)?
-1
Suppose 5*k + 9 = -3*m, -9*k - 5*m = -8*k + 15. Suppose 4*s + 9*s + 52 = k. Let v(t) = -t**2 - 3*t - 6. Calculate v(s).
-10
Let y(w) be the first derivative of w**3/3 + 5*w**2/2 + 11*w - 74. Let h be y(-4). Let v(s) = -s**3 + 8*s**2 - 9*s + 5. Calculate v(h).
-9
Let c = -3675 - -3679. Let i(x) = x**3 - 2*x**2 - 2*x + 7. What is i(c)?
31
Let u(i) be the first derivative of 3*i**2/2 - i - 4. Let k be 1*(1 + 1 + -10 + -17 + 23). Give u(k).
-7
Let n(t) = 24 - 2 - 11 - 10. Suppose -2 = -c - 4. Let f(k) = k**2 + 5*k - 4. Let b(d) = c*n(d) - f(d). Give b(-4).
6
Let r(c) = -6*c - 1. Suppose -4*t - 13*h + 12*h + 22 = 0, -3*t - 2*h + 19 = 0. Suppose -2*z + 1 = -3*p, -6 = t*z + 3*p + 2. What is r(z)?
5
Let y(s) = s - 7. Let k(a) = 30*a - 82. Let r = 524 - 521. Let j be k(r). Give y(j).
1
Let b be ((-5)/(-1))/(3/(-2) + 60/24). Let p(y) = -4*y**2 + 16*y - 6. What is p(b)?
-26
Let n(r) = 186*r - 17. Let c be n(-4). Let g = -760 - c. Let p(s) be the second derivative of 2*s**4/3 - s**3/6 - s. Determine p(g).
7
Let f(l) = -l**3 - l - 6. Suppose -7*s = 8 + 6. Let o be f(s). Suppose 16 = 4*d - 5*u - 2, 0 = 3*d + o*u + 2. Let v(p) = 5*p + 1. What is v(d)?
11
Let t(j) = -3*j**3 - j - 2. Let y(g) = 19*g**3 + 12*g**2 - 9*g + 12. Let f(b) = 6*t(b) + y(b). Determine f(-13).
26
Let n be (2 - 2)/(46 + -56). Let h(v) = -v**3 + 2*v**2 - 2*v + 41. Calculate h(n).
41
Let i(l) = 2*l**2 + 13*l + 7. Let k(p) = 3*p**2 + 19*p + 10. Let o(d) = -8*i(d) + 5*k(d). What is o(-9)?
-6
Let h be -2 + 3 - (12 + -3 - 1). Let j(p) = 2*p**2 + 11*p + 8. Give j(h).
29
Let z(m) = -38 - 2*m - 4 - 4 + 32. Give z(-5).
-4
Let q(m) = -5*m**2 + 2*m + 1. Let w be (-1)/(-2) - 5/30*-3. Let b(h) = h + 0 - 8*h**2 - w - 7*h**3 + 6*h**3 - 8*h. Let t be b(-7). Determine q(t).
-6
Suppose 4*w - 12 = -q, -3*w + 9 = -0*q - q. Let y(u) = -2*u - 4*u + w*u + 6*u. Suppose 2*r + 1885 = 1887. What is y(r)?
3
Let p(t) = -7375*t + 280 - 296 + 7388*t. Give p(2).
10
Let x(l) = -150433 + 300663 - 150407 + 4*l. Calculate x(44).
-1
Let p(v) = -13*v + 97. Suppose 3*u - 36 = 3*l, -192*u + 3*l + 52 = -187*u. Calculate p(u).
-7
Let g(o) = -o**2 - o + 14. Let l be (7569/15)/3 - (-2)/(-10). Let q = -168 + l. Give g(q).
14
Let b = 60 + -68. Let q be 1*(-6 + 4 - b). Let v(j) = j**2 - 5*j + 6. Give v(q).
12
Let i(r) be the first derivative of -r**4/4 + 8*r**3 + 10*r**2 + 59*r - 2604. Determine i(25).
-66
Let b(q) = 34884 + 6*q**2 - 3*q + 7*q + q**3 - 34884. Let s(i) be the third derivative of -i**3/6 - i**2. Let p(v) = -b(v) + 2*s(v). Determine p(-4).
-18
Let j(n) = -1 - 3*n + n**3 - 153*n**2 - 162*n**2 + 470*n**2 - 158*n**2. Let u(d) = 2*d**2 + 4*d + 3. Let v be u(-2). Give j(v).
-10
Suppose 2*x - 13*x = -8*x. Suppose 5*d - 60 = 70. Let b(r) = d + 10 - r - 12 + 2*r. What is b(x)?
24
Suppose 3*l + 3*a = -a - 38, 25 = -5*l + a. Let m = -10 - l. Let q(r) be the second derivative of -r**3/2 - r**2/2 + 2*r + 85. What is q(m)?
11
Let w = -4851 - -4857. Let f(l) = -2*l**2 + 15*l - 39. Calculate f(w).
-21
Let a(o) = -o**3 + o**3 + 27 + o**2 - 4*o**3 + 3*o**3. Let t be 20/(16/(-4)) + 5. Determine a(t).
27
Let p(b) = -b**3 - 2*b**2 + 5*b - 4. Let o = -3200 + 3197. What is p(o)?
-10
Let y(t) = 2*t + 2. Suppose 18*d + 855 = 3951. Let u = -176 + d. Give y(u).
-6
Let q(a) = a + 5. Suppose 76*p - 21*p - 220 = 0. Give q(p).
9
Let v(x) = 10*x - 16. Let b(h) = 3*h - 5. Let c be (0/2)/2*(-2)/4. Suppose 6*f + 29 + 67 = c. Let w(k) = f*b(k) + 5*v(k). Determine w(-2).
-4
Let k(i) = 9*i - 7. Let v = 3353 + -3359. Determine k(v).
-61
Let t(r) = r**3 + 5*r**2 + 9. Let u = 255 + -261. What is t(u)?
-27
Let t = -41 + 44. Let u = -8 + t. Let k(m) = -4*m + 1. Let x(q) = 7*q - 3. Let g(b) = u*k(b) - 3*x(b). What is g(-5)?
9
Let y(u) = u**3 - 13*u**2 - 9*u - 10. Let l(c) = c**3 + 31*c**2 + 30*c + 14. Let q be l(-30). Calculate y(q).
60
Suppose -5*l - 12 = -l - 5*p, 0 = 3*l - p - 2. Let y(c) = -13*c + l*c + 3 + c + 6*c. Calculate y(2).
-5
Let x(b) = 131 - 5*b**3 + 21*b - 9*b**2 - 76 + 6*b**3 - 71. Let a be x(6). Let f(r) = -7*r**2 + 4*r - 3. Calculate f(a).
-23
Let s(l) = -l**3 + 2*l**2 - 3*l + 5. Suppose 415*o = 425*o. Determine s(o).
5
Let t(g) be the third derivative of 1/8*g**4 - 1/6*g**3 - 2 - 37*g**2 + 0*g. Calculate t(-5).
-16
Let i(x) = 181*x - 1834. Let p be i(10). Let q(z) = -z**2 - 23*z + 39. Give q(p).
15
Let t = -1 - -8. Let l(g) = -3*g + 7*g - 4 - t*g + 0. Let x be l(-3). Let i(d) = -d**2 + 5*d + 3. Determine i(x).
3
Let u(a) = 10 + 27*a + 1 + 5 + 206*a**2 - 207*a**2. Determine u(27).
16
Suppose -19*y + 15*y = -12. Let b(w) = -217 + 6*w + 3*w**2 + 104 - 4*w**2 + 113. Give b(y).
9
Let o(c) = 2*c**2 - 6*c - 2. Let u be -1*((-14)/(-12))/((-3)/18). What is o(u)?
54
Let z(a) = -4*a**2 + 314 + 41*a - 356 - 186*a. Give z(-36).
-6
Suppose -11*j + 28*j = 51. Let h(p) = -16*p + p**3 + 36*p - 8*p - 15*p + 8*p**2 + 8 + 0*p**j. Determine h(-8).
32
Let h = 475 + -325. Let y = 148 - h. Let m(q) be the third derivative of -q**6/60 + q**5/60 + q**2. Calculate m(y).
20
Let l(v) = -2*v**3 - 82*v**2 + 81*v - 122. Let a be l(-42). Let m(z) = 0*z**3 - 5*z**2 - z - z**3 + 9*z**2 + 5. What is m(a)?
1
Suppose -55*q - 26*q = -25*q - 224. Let d(c) = -c**2 + 7*c - 10. Determine d(q).
2
Let w(t) = 3 + 2 - 2*t + 13*t**2 + 2 - t**3 + 12*t. Let z(l) = l**3 - 12*l**2 - 10*l - 6. Let a(b) = -2*w(b) - 3*z(b). Calculate a(11).
-7
Suppose 300*w - 290 + 34 = 944. Let z(t) = t**2. Let h(v) = v**3 + 6*v**2 + 1. Let l(f) = -2*h(f) + 18*z(f). Give l(w).
-34
Let o(y) = 22*y**2 + 3*y - 8. Let q(f) = -19*f**2 - 3*f + 7. Let w(b) = 6*o(b) + 7*q(b). Give w(2).
-9
Suppose 2*u = 3*h + 60 + 17, u + h = 36. Let t = -30 + u. Let o(d) = 3*d + 9. Let l(x) = -2*x - 9. Let v(y) = -5*l(y) - 4*o(y). What is v(t)?
-5
Let o(w) = -26*w**2 + 0*w + 30*w**2 - 9*w**2 + 97 - 2*w - 99. Let t = 6 + -8. Calculate o(t).
-18
Let j(k) = 14 - 16 + 28*k - 13*k - 2 - 12*k. Calculate j(17).
47
Let z(r) = 3*r**2 - 2*r - 8. Let n(m) = -8*m**2 + 5*m + 18. Let b(w) = 2*n(w) + 5*z(w). Determine b(3).
-13
Let b(q) = -2*q**2 - 2. Suppose -4*h = 5*s + 12, -4*s + 3*h + 9 = -0*s. Suppose -11*w - 51 + 7 = s. Let k be -1*4/w*3. Calculate b(k).
-20
Let q = -5494 + 5496. Let a(t) be the third derivative of 31*t**q + 5/6*t**3 + 1/60*t**5 + 0*t + 0 + 1/8*t**4. Give a(-6).
23
Let n(p) = -p**3 - 7*p**2 + 17*p - 6. Let v be n(-9). Suppose 2*s + s - 2*h + 3 = 0, 0 = 2*s - 3*h - v. Let k(g) = -g**3 + 2*g. Calculate k(s).
21
Let w(m) = -379 + 1139 - 4*m - 374 - 381 + 0*m. Determine w(-13).
57
Let h(b) = -b**2 - 3*b + 44. Let j be h(16). Let i = -256 - j. Let t(k) = 4*k. What is t(i)?
16
Let x(f) = f**2 + 5*f - 21. Let n be x(-8). Let g(a) = -n*a - 12 + 0*a**2 + 6*a - a**2 - 2*a. Suppose 0*v = -v. Give g(v).
-12
Let p(c) = -c**2 + c + 2. Let f(u) = 8*u**2 + 14*u + 17. Let v(h) = -f(h) - 5*p(h). What is v(-6)?
-21
Let h(z) = -3*z**2 - 2. Let p(t) = -11*t**2 - 5*t**2 - 5 - 5 + 0. Let x(g) = -11*h(g) + 2*p(g). Let k = 5787 + -5791. What is x(k)?
18
Let f(u) = -u**3 - 33*u**2 + 30*u - 140. Let p = 15416 + -15450. Determine f(p).
-4
Let b(w) = -3*w**3 + 9*w**2 - 2. Let y(d) = -13*d**3 + 37*d**2 + d - 7. Let n be -1*1/(4*2/16). Let x(a) = n*y(a) + 9*b(a). Determine x(7).
-18
Let x(a) = 2*a + 19. Let o(i) = -2*i - 20. Let p(n) = -2*o(n) - 3*x(n). Suppose 137377*s - 137330*s = -611. Calculate p(s).
9
Let m(z) = 7*z + 54. Suppose -t = 4*p + 58, -213*p + 214*p + 37 = -4*t. Give m(p).
-37
Let m(u) be the third derivative of u**6/120 + u**5/15 - u**3/3 - 17*u**2. Let c be (((-8)/(-10))/(-2))/((-115)/(-1150)). Determine m(c).
-2
Let m(w) = w**2 + 8*w - 10. Suppose -3*k + 4*k + 2*p = 0, 2*p = -2*k. Let j be k + -1*(-20)/(-4)*-1. Let q be (-23 - -3)*2/j. Give m(q).
-10
Suppose 6*z = o + z - 17, 5*o = z + 13. Let t(y) = -3*y + o*y - 2 - 4. Let i be (-5 + 9)*(-1 - 1). Calculate t(i).
2
Let g(z) be the second derivative of z**5/20 + 5*z**4/12 + z**3 + 3*z**2 + 9*z. Let m(h) = -h**2 + 23*h - 27. Let u be m(22). What is g(u)?
-24
Let j(b) = 2*b**2 + 14*b - 3. Suppose 0 = 3197*t - 3228*t - 186. What is j(t)?
-15
Supp